base 15
14ba
What is -1101110 (base 2) in base 4?
-1232
50c9 (base 16) to base 15
61db
What is -52a (base 13) in base 15?
-3db
What is 7113 (base 9) in base 8?
12114
Convert 6361 (base 8) to base 7.
12442
Convert -131302 (base 5) to base 13.
-24a2
-100111110 (base 2) to base 5
-2233
What is 5736 (base 10) in base 4?
1121220
Convert -114435 (base 6) to base 4.
-2131313
-3013 (base 11) to base 10
-4007
Convert 11131 (base 4) to base 5.
2344
161741 (base 8) to base 16
e3e1
Convert -12244 (base 5) to base 11.
-793
-2112342 (base 5) to base 3
-1210111011
-657 (base 9) to base 15
-25d
100214 (base 5) to base 14
1236
Convert 40 (base 5) to base 9.
22
Convert -72061 (base 8) to base 6.
-345413
-183c (base 16) to base 10
-6204
What is 2444 (base 6) in base 3?
211101
What is 2400 (base 5) in base 10?
350
What is -10350 (base 9) in base 4?
-1223001
-1b2b8 (base 12) to base 14
-108d6
Convert -13054 (base 8) to base 9.
-7706
What is -673 (base 8) in base 7?
-1202
Convert -5e6 (base 16) to base 12.
-a5a
7332 (base 13) to base 7
64302
What is 2732 (base 10) in base 11?
2064
-1180 (base 10) to base 8
-2234
Convert -2bc4 (base 14) to base 8.
-17210
What is 22440 (base 5) in base 15?
730
Convert 2635 (base 12) to base 4.
1010021
Convert -dc7 (base 14) to base 9.
-3655
Convert 519 (base 14) to base 2.
1111101011
Convert 45643 (base 9) to base 5.
1433124
Convert -795 (base 10) to base 6.
-3403
What is -1102 (base 3) in base 15?
-28
732e (base 16) to base 5
1420421
Convert 1204 (base 10) to base 13.
718
What is -261 (base 8) in base 2?
-10110001
What is 4614 (base 9) in base 8?
6527
Convert 7951 (base 11) to base 6.
120234
What is -24e (base 16) in base 7?
-1502
-10432 (base 5) to base 16
-2e6
-11201 (base 3) to base 16
-7f
What is -4890 (base 10) in base 12?
-29b6
Convert -ab (base 15) to base 10.
-161
What is 3087 (base 15) in base 16?
280c
-9aa8 (base 11) to base 16
-33fb
What is 11111010 (base 2) in base 3?
100021
Convert -1100001 (base 3) to base 11.
-805
Convert -10604 (base 8) to base 10.
-4484
4a6 (base 14) to base 6
4150
Convert 1100010000 (base 2) to base 10.
784
-272 (base 8) to base 9
-226
34e4 (base 16) to base 14
4d12
21300 (base 4) to base 7
1551
Convert -70 (base 9) to base 10.
-63
-2232 (base 7) to base 13
-4a1
What is 3400 (base 16) in base 7?
53545
What is -2330344 (base 5) in base 6?
-525115
What is -65051 (base 9) in base 2?
-1010100000110001
-141a7 (base 12) to base 13
-c928
-10bb (base 12) to base 15
-84b
Convert -e56 (base 16) to base 10.
-3670
What is -340 (base 15) in base 6?
-3223
What is -11111101 (base 2) in base 7?
-511
What is -10056 (base 9) in base 7?
-25164
2303013 (base 4) to base 15
35e3
Convert 14114 (base 7) to base 6.
25425
Convert -22542 (base 6) to base 4.
-302132
What is 738 (base 10) in base 13?
44a
Convert -10000011101010 (base 2) to base 12.
-4a62
Convert 847 (base 13) to base 2.
10110000011
674 (base 8) to base 15
1e9
What is 123232 (base 4) in base 8?
3356
What is d27 (base 14) in base 8?
5027
Convert -35710 (base 8) to base 12.
-8a34
54 (base 7) to base 15
29
11001100110 (base 2) to base 13
990
-32075 (base 8) to base 13
-6119
282d (base 14) to base 12
4135
What is -110111011 (base 2) in base 4?
-12323
-2466 (base 10) to base 13
-1179
-320221 (base 4) to base 6
-24441
Convert 368 (base 13) to base 5.
4333
Convert -7339 (base 13) to base 12.
-927a
Convert 10100100 (base 3) to base 14.
c63
-40d4 (base 15) to base 13
-630a
-27532 (base 9) to base 14
-6b2b
Convert a1 (base 12) to base 8.
171
Convert 1b1d (base 15) to base 3.
22001201
Convert 1352 (base 15) to base 13.
1b56
10660 (base 8) to base 4
1012300
312 (base 7) to base 2
10011100
Convert 220121222 (base 3) to base 10.
17954
-457 (base 11) to base 12
-396
Convert 87b (base 14) to base 10.
1677
-21141 (base 5) to base 16
-58d
What is 10100110110 (base 2) in base 15?
5de
What is -2212102 (base 3) in base 16?
-82a
What is -3c2 (base 16) in base 9?
-1278
-1211012210 (base 3) to base 9
-54183
-985 (base 10) to base 15
-45a
What is 23213 (base 5) in base 9?
2270
What is -5630 (base 9) in base 6?
-31130
What is 3a7 (base 11) in base 8?
740
What is 1012211 (base 3) in base 14?
474
Convert -686 (base 15) to base 2.
-10111000100
-31415 (base 7) to base 8
-17112
What is -122222 (base 3) in base 12?
-345
Convert 1312 (base 11) to base 3.
2100020
Convert 0 (base 14) to base 10.
0
What is 6fe (base 16) in base 3?
2110022
102110 (base 4) to base 15
532
-2135 (base 16) to base 7
-33533
-110010001000 (base 2) to base 7
-12232
Convert 8084 (base 13) to base 11.
12317
-1022111112 (base 3) to base 7
-135311
6003 (base 7) to base 16
80d
What is 695 (base 16) in base 14?
885
1f5 (base 16) to base 11
416
Convert 7436 (base 8) to base 14.
15a6
What is -314 (base 12) in base 8?
-700
What is 1110001101110 (base 2) in base 13?
340b
What is -1e41 (base 15) in base 14?
-2586
Convert -4154 (base 7) to base 8.
-2664
What is 57685 (base 11) in base 7?
464656
2500 (base 7) to base 12
657
-100200201 (base 3) to base 6
-52414
-20063 (base 9) to base 2
-11001101111011
Convert -59 (base 12) to base 13.
-54
What is 149e (base 15) in base 6?
32252
-30656 (base 9) to base 5
-1121340
-4401 (base 7) to base 8
-3041
What is 347 (base 12) in base 6?
2131
What is -42404 (base 5) in base 4?
-230212
What is 6623 (base 7) in base 14?
c13
What is -6875 (base 13) in base 10?
-14630
Convert -200021 (base 3) to base 15.
-22d
What is -10100101122 (base 3) in base 11?
-45567
What is d5 (base 16) in base 12?
159
What is -23041 (base 5) in base 7?
-4541
What is -4973 (base 12) in base 8?
-20147
-10b81 (base 12) to base 9
-33667
What is -141300 (base 6) in base 12?
-7830
Convert -78f3 (base 16) to base 13.
-1112a
Convert -101100011001 (base 2) to base 5.
-42331
Convert 452a (base 14) to base 4.
2323122
-222022 (base 3) to base 5
-10320
-111001001 (base 2) to base 13
-292
-55300 (base 7) to base 15
-4197
Convert -14 (base 12) to base 11.
-15
Convert -239 (base 12) to base 5.
-2313
1788 (base 11) to base 16
8e2
What is 11022 (base 3) in base 14?
84
-1354 (base 7) to base 16
-211
What is -12112010 (base 3) in base 15?
-12d6
What is -40051 (base 9) in base 15?
-7bca
What is -213 (base 4) in base 16?
-27
What is -1072 (base 10) in base 7?
-3061
Convert 13500 (base 9) to base 16.
23c1
Convert 40476 (base 10) to base 14.
10a72
Convert -4404311 (base 5) to base 10.
-75581
What is -97a (base 12) in base 5?
-21030
Convert 623b (base 13) to base 16.
3502
What is 211 (base 12) in base 4?
10231
Convert -1a7 (base 15) to base 8.
-576
Convert -1332130 (base 5) to base 3.
-1101021010
Convert -785 (base 9) to base 14.
-340
Convert -1188 (base 11) to base 9.
-2110
Convert -1101011110001 (base 2) to base 11.
-5200
What is 10100200 (base 3) in base 9?
3320
Convert 1b48 (base 15) to base 5.
142133
What is -3684 (base 9) in base 6?
-20421
Convert -56366 (base 8) to base 9.
-35572
2a0 (base 15) to base 11
4a6
What is -e83 (base 15) in base 7?
-12354
What is 5606 (base 9) in base 10?
4137
Convert 1023012 (base 4) to base 2.
1001011000110
Convert 12105 (base 8) to base 15.
180e
Convert -1212201200 (base 3) to base 13.
-13aa9
12012 (base 3) to base 10
140
What is 72bc (base 13) in base 16?
3e00
536 (base 15) to base 11
97a
Convert -1a7 (base 11) to base 12.
-17a
-36772 (base 10) to base 15
-ad67
10001101111 (base 2) to base 5
14020
10571 (base 12) to base 4
11100211
What is -624 (base 10) in base 4?
-21300
What is -11033 (base 6) in base 11?
-1174
7180 (base 11) to base 16
2536
Convert -65e (base 15) to base 7.
-4124
32263 (base 7) to base 16
1f60
-8745 (base 9) to base 13
-2c15
-6645 (base 8) to base 5
-102433
What is 31303 (base 6) in base 5?
113330
-10245 (base 6) to base 8
-2565
5720 (base 9) to base 4
1002012
What is 961b (base 16) in base 15?
b5bc
What is 1100101 (base 2) in base 5?
401
Convert -3016 (base 9) to base 15.
-9bc
Convert -256 (base 8) to base 5.
-1144
What is 265026 (base 7) in base 4?
30021123
-3433 (base 7) to base 14
-653
Convert 20020 (base 3) to base 11.
143
-131a (base 13) to base 10
-2727
1013112 (base 4) to base 5
121231
12111 (base 4) to base 5
3110
What is -da (base 15) in base 5?
-1310
70770 (base 8) to base 12
14a74
Convert 141455 (base 6) to base 4.
3100223
What is 3321010 (base 4) in base 6?
201444
Convert -1